42210
Convert 1782 (base 10) to base 4.
123312
What is 3133332 (base 4) in base 15?
43a9
2148 (base 12) to base 4
321020
-141442 (base 5) to base 2
-1011011110000
-103410 (base 6) to base 8
-20576
-2bca (base 14) to base 6
-100114
6fbf (base 16) to base 10
28607
-560 (base 11) to base 8
-1237
-2120 (base 3) to base 9
-76
What is -1b1 (base 13) in base 2?
-100111001
Convert 2101 (base 5) to base 15.
136
What is 232 (base 7) in base 15?
81
Convert -10011000000 (base 2) to base 5.
-14331
What is -61021 (base 7) in base 10?
-14764
1562 (base 9) to base 5
14230
Convert d173 (base 14) to base 2.
1000110010000001
Convert -bb2e (base 15) to base 14.
-1063a
Convert -233233 (base 4) to base 11.
-2328
-1011111 (base 2) to base 4
-1133
Convert -1111 (base 4) to base 9.
-104
-1101111000100 (base 2) to base 13
-330a
-340541 (base 6) to base 11
-1a637
1004 (base 11) to base 2
10100110111
1225 (base 11) to base 14
824
Convert -1c186 (base 13) to base 8.
-153644
Convert 72722 (base 8) to base 12.
15556
What is -3109 (base 16) in base 6?
-134041
What is -122003 (base 5) in base 9?
-6312
Convert 2210002 (base 5) to base 7.
216105
-13b (base 16) to base 6
-1243
What is -159 (base 10) in base 16?
-9f
What is 20110221 (base 3) in base 9?
6427
What is 10002121201 (base 3) in base 10?
60958
Convert -a66 (base 15) to base 5.
-33341
Convert 130331 (base 4) to base 5.
24403
Convert 51315 (base 9) to base 5.
2040131
-345d (base 14) to base 2
-10001110001011
Convert -384e (base 16) to base 2.
-11100001001110
Convert 166133 (base 8) to base 13.
21705
-140676 (base 8) to base 6
-1021342
10320 (base 6) to base 10
1416
-3ba8 (base 14) to base 9
-15406
17634 (base 8) to base 6
101244
What is 2202120 (base 3) in base 11?
1570
8387 (base 16) to base 5
2034141
Convert 1000121001 (base 3) to base 12.
b784
3b (base 13) to base 9
55
1022212121 (base 3) to base 7
136150
Convert -262e (base 16) to base 5.
-303044
What is -47313 (base 8) in base 6?
-233215
-56 (base 16) to base 13
-68
30155 (base 6) to base 13
1a57
Convert -4243 (base 5) to base 15.
-283
What is 11112031 (base 4) in base 13?
9c79
Convert 444 (base 6) to base 9.
211
Convert 78cb (base 16) to base 9.
46368
Convert -1520 (base 9) to base 11.
-958
Convert -17891 (base 15) to base 2.
-10010100110011010
221412 (base 7) to base 10
38964
12721 (base 10) to base 15
3b81
113330 (base 4) to base 11
1173
What is 100011100 (base 2) in base 4?
10130
What is 3300 (base 5) in base 3?
121200
-2997 (base 11) to base 14
-1597
What is 110222 (base 3) in base 13?
20c
Convert -2a252 (base 11) to base 8.
-123613
Convert 2010211 (base 3) to base 4.
120121
Convert -45124 (base 6) to base 2.
-1100010101100
Convert -1676 (base 10) to base 15.
-76b
Convert -21321 (base 5) to base 4.
-112311
5207 (base 10) to base 4
1101113
44360 (base 8) to base 9
27546
Convert 2776 (base 9) to base 15.
949
Convert 143443 (base 5) to base 7.
23565
What is 2332 (base 8) in base 14?
64a
What is -3010203 (base 4) in base 7?
-51450
What is 2212221 (base 3) in base 10?
2104
What is 1db32 (base 14) in base 9?
125574
Convert -62848 (base 9) to base 14.
-111b6
Convert -1151 (base 7) to base 2.
-110101100
11000131 (base 4) to base 12
ba51
Convert -11918 (base 11) to base 15.
-50da
What is 211213 (base 4) in base 10?
2407
-10001 (base 3) to base 12
-6a
-2240244 (base 5) to base 2
-1001110010001010
2605 (base 8) to base 9
1840
Convert 222020 (base 3) to base 7.
2031
-13340 (base 6) to base 3
-2211220
Convert -9253 (base 13) to base 14.
-74d5
What is -706b (base 13) in base 7?
-63045
What is -153b (base 14) in base 5?
-110102
Convert 1969 (base 13) to base 16.
edd
What is 2ab (base 15) in base 3?
211122
4654 (base 9) to base 8
6573
What is -4346 (base 7) in base 6?
-11105
-16500 (base 8) to base 15
-2343
Convert -12330 (base 7) to base 2.
-110010110111
What is -1867 (base 9) in base 4?
-112132
What is 1111100101100001 (base 2) in base 13?
2309b
What is -6dcf (base 16) in base 15?
-84e1
Convert -92c (base 14) to base 2.
-11100001100
4d6 (base 14) to base 3
1100000
What is -1323 (base 7) in base 14?
-283
-10141 (base 7) to base 10
-2479
What is -223 (base 4) in base 3?
-1121
What is 329a (base 13) in base 11?
5335
Convert -1067 (base 10) to base 9.
-1415
Convert -46555 (base 7) to base 11.
-8a81
-110001111011111 (base 2) to base 7
-134353
Convert 340 (base 13) to base 4.
20233
-25434 (base 7) to base 13
-30b4
Convert 21500 (base 7) to base 6.
40542
What is -b7 (base 12) in base 5?
-1024
5721 (base 8) to base 13
14b9
-333 (base 10) to base 16
-14d
Convert -11355 (base 6) to base 12.
-b5b
What is 110121 (base 3) in base 13?
202
-37670 (base 8) to base 16
-3fb8
-1420 (base 9) to base 12
-753
-391 (base 10) to base 4
-12013
Convert 1326 (base 11) to base 8.
3272
-1031 (base 4) to base 12
-65
What is 13205 (base 10) in base 14?
4b53
What is -33874 (base 10) in base 6?
-420454
1011001110001100 (base 2) to base 5
2432324
What is 28e9 (base 15) in base 11?
6652
2419 (base 12) to base 2
111111010101
What is -3e3 (base 16) in base 8?
-1743
What is 2066 (base 11) in base 16?
aae
What is 237 (base 12) in base 3?
110021
What is -56683 (base 10) in base 13?
-1ca53
What is 1990 (base 16) in base 10?
6544
-50a5 (base 13) to base 10
-11120
1915 (base 10) to base 9
2557
Convert -101000010 (base 2) to base 11.
-273
41321 (base 8) to base 2
100001011010001
Convert -100110010111000 (base 2) to base 13.
-8c2a
Convert -1cc4 (base 15) to base 7.
-24151
What is -22002 (base 5) in base 7?
-4244
What is -1000010100 (base 2) in base 16?
-214
101212021 (base 3) to base 9
11767
Convert 110 (base 14) to base 5.
1320
What is 64a (base 14) in base 8?
2332
Convert -221102 (base 3) to base 2.
-1010101110
-100062 (base 7) to base 2
-100000111010011
Convert 204 (base 16) to base 6.
2220
Convert 27b (base 15) to base 16.
236
Convert -4454 (base 9) to base 14.
-12ad
Convert 10401 (base 7) to base 4.
220212
Convert 22021200 (base 3) to base 6.
43543
What is 32261 (base 7) in base 6?
101102
What is 5010 (base 8) in base 6?
15520
Convert 10700 (base 9) to base 12.
4160
341312 (base 5) to base 13
5665
What is -42 (base 12) in base 7?
-101
Convert 205 (base 11) to base 4.
3313
-13109 (base 11) to base 12
-aa38
Convert 212 (base 4) to base 6.
102
Convert 4012 (base 6) to base 12.
608
What is 4692 (base 14) in base 13?
5788
What is -1a510 (base 14) in base 7?
-365620
Convert -179a8 (base 13) to base 8.
-131037
14 (base 5) to base 14
9
2445 (base 8) to base 16
525
Convert -3375 (base 8) to base 15.
-7e4
1784c (base 13) to base 15
d68b
Convert -1011000101101101 (base 2) to base 13.
-1789c
-1000 (base 8) to base 16
-200
Convert 100111000101010 (base 2) to base 11.
14041
9673 (base 11) to base 3
122112112
-5114 (base 6) to base 15
-501
Convert 251 (base 9) to base 15.
dd
Convert -2705 (base 8) to base 14.
-777
What is -52d (base 15) in base 14?
-5d6
Convert 61116 (base 8) to base 2.
110001001001110
Convert -1040343 (base 5) to base 10.
-18223
Convert -a38 (base 15) to base 2.
-100011111111
Convert -682 (base 10) to base 13.
-406
What is 567 (base 13) in base 6?
4150
What is 1763 (base 15) in base 10?
5043
-1001001011 (base 2) to base 15
-292
-1010110 (base 3) to base 4
-30312
Convert 1a608 (base 14) to base 15.
14ce5
Convert -137 (base 11) to base 10.
-161
What is 2325 (base 9) in base 11?
1328
Convert -220202 (base 3) to base 16.
-29c
What is -684 (base 15) in base 10?
-1474
What is -644 (base 13) in base 12?
-752
What is -7590 (base 14) in base 16?
-4f5a
Convert 555 (base 6) to base 7.
425
3626 (base 8) to base 16
796
-53 (base 7) to base 8
-46
What is 335a7 (base 12) in base 4?
100222033
What is -10b (base 16) in base 13?
-177
What is 213 (base 15) in base 16?
1d4
-306 (base 11) to base 15
-199
Convert 1010 (base 5) to base 16.
82
What is -1b18 (base 14) in base 15?
-16d2
What is 429 (base 11) in base 5?
4030
-1bc (base 16) to base 2
-110111100
-2201 (base 5) to base 6
-1221
What is -1813 (base 10) in base 15?
-80d
20a (base 13) to base 9
426
174600 (base 8) to base 11
43a96
-3a88 (base 11) to base 3
-21021021
Convert -21b (base 15) to base 8.
-734
What is 2722 (base 15) in base 4?
2002211
What is 604 (base 15) in base 5?
20404
-50554 (base 8) to base 14
-784c
Convert -19f (base 16) to base 6.
-1531
Convert -2c76 (bas